ate the greatest common divisor of p and 34.
2
Suppose 0 = -9*p + 6 + 30. What is the greatest common divisor of 4 and p?
4
Suppose 3*d = 4*o - 36 - 12, 0 = 2*o. Let p be (-8)/d - (-2)/(-4). Suppose -2*z + 5 + 13 = p. What is the greatest common divisor of 45 and z?
9
Suppose 2*t + 7*t - 189 = 0. Let r(h) = -12*h**3 - 2*h**2 + 3*h + 2. Let j be r(-2). What is the greatest common divisor of j and t?
21
Suppose -8*f = -693 + 53. Calculate the highest common factor of f and 880.
80
Let c(x) = -7*x - 1. Let z be c(-1). Let a = 15 + -8. Let r be 65/a - 2/7. Calculate the greatest common factor of r and z.
3
Let u = -345 - -366. What is the highest common factor of 1428 and u?
21
Let d be 36*(-6 + 2 + 48/9). Let l = 25 - 13. What is the highest common factor of d and l?
12
Let o = 146 + -205. Let z = o - -77. What is the greatest common factor of 72 and z?
18
Let x = -101 - -103. Suppose 16 - 4 = x*k. What is the highest common divisor of k and 54?
6
Suppose -5*x + 35 = -6*j + 4*j, -3*x + 39 = -3*j. Let k be (-516)/(-8) - 15/j. Let o(p) = 11*p. Let d be o(1). What is the highest common divisor of k and d?
11
Suppose -858 = -5*l + 4702. What is the highest common factor of l and 8?
8
Let l(u) = 3*u - 24. Let g be l(16). Let t be 5/((-3)/(g/(-4))). Suppose 4*i - t = 14. Calculate the highest common factor of 6 and i.
6
Let z(l) = -l**2 - 14*l + 9. Let r be z(-11). What is the greatest common factor of 91 and r?
7
Let a(k) = -k**2 + 1. Suppose 30 = -5*d - 0. Let n be a(d). Let y = n + 51. What is the highest common factor of y and 2?
2
Let s = 1135 + -1068. What is the greatest common factor of s and 335?
67
Suppose -3*a = -3*o - a + 170, 4*o = 5*a + 215. Suppose f + 3*r = 16, 5*f + 9*r = 4*r + o. Calculate the highest common divisor of 70 and f.
10
Let g be (2/(-4))/((-58)/(-12) + -5). Suppose f = 2*d - 32, -16 = -g*d - 5*f + 6. What is the highest common divisor of d and 126?
14
Let l(z) = z**2 - 24*z - 48. Let r be l(-4). What is the highest common factor of 88 and r?
8
Let t = 260 + -248. What is the greatest common factor of t and 36?
12
Let p(n) = 21*n - 138. Let k be p(22). What is the highest common factor of 12 and k?
12
Let a = 353 - 328. Calculate the greatest common divisor of 80 and a.
5
Let d(t) = t**2 - 10*t + 7. Let b be d(13). Let s = -34 - -103. What is the greatest common divisor of b and s?
23
Let j(p) = -p**2 + 12*p - 7. Let g be j(9). Suppose 4*y = -0*y + g. Suppose -10*z + 60 = -y*z. What is the greatest common divisor of 96 and z?
12
Let o(c) = -4*c - 85. Let u(m) = -2*m - 42. Let s(q) = 2*o(q) - 5*u(q). Let z be s(-18). What is the highest common divisor of z and 44?
4
Let h(s) = 17*s - 10. Suppose -3*j = -2*o - 2, -6*j + 2*j = -16. Let d be h(o). Calculate the highest common factor of 15 and d.
15
Let b(p) = p**2 - 11*p + 35. Let t be b(14). Calculate the greatest common factor of 7 and t.
7
Let t(o) = -83*o**3 + 2*o**2 + 10*o + 7. Let v be t(-1). What is the greatest common factor of v and 123?
41
Let k(v) = 2*v**2 + 11*v + 14. Let y(a) = 5*a**2 + 23*a + 29. Let r(q) = -9*k(q) + 4*y(q). Let d be r(6). What is the greatest common divisor of d and 5?
5
Let m be ((-3)/6)/(1/(-10)). Suppose -5*o + t + 7 = 0, -o + 3*t - m = 2. Calculate the highest common factor of o and 4.
2
Suppose -3924 = -110*t - 13*t + 14*t. Let z be 2/(-1)*(-10)/4. Suppose 0 = z*d + j - 4*j - 57, -2*j + 62 = 5*d. What is the highest common factor of d and t?
12
Let c(a) = 7*a - 48. Let v be c(9). Calculate the highest common divisor of 240 and v.
15
Let f = -739 - -815. What is the highest common divisor of 95 and f?
19
Let a(f) = -3*f - 5. Suppose 4*x + 6 = -2. Let q be a(x). Suppose 2*z - 10 = -0*z. What is the greatest common divisor of q and z?
1
Let p = 89 + -63. Let w be 4/(-8) + 2084/8. Suppose -26 = j - w. Calculate the highest common divisor of p and j.
26
Suppose 8*v = 63 + 1. Suppose v*h = 109 - 5. What is the highest common divisor of h and 169?
13
Suppose 58 = -7*h + 373. Suppose -o + 10 = 5*t + 2*o, 2*t + o - 5 = 0. Suppose -8 = t*y - 33. What is the greatest common factor of y and h?
5
Suppose -23*f - 44 + 458 = 0. Suppose -3*z - 33 = -s, -2*z - z - 153 = -5*s. What is the greatest common divisor of s and f?
6
Let v be (-6)/21 + 779/7. Suppose 4*o + 5*x = -v, 0*o + x - 93 = 4*o. Let l = o - -37. Calculate the greatest common factor of 104 and l.
13
Let j = 43 + -71. Let c = j - -37. Calculate the greatest common factor of 36 and c.
9
Let w(y) = 29*y + 6. Let l be w(3). What is the highest common factor of 31 and l?
31
Suppose 5*g - 404 = 811. Let f = g + -123. What is the greatest common divisor of f and 15?
15
Let f(m) be the first derivative of -m**4/4 + 5*m**3/3 - 4*m - 12. Let z be f(4). Calculate the greatest common divisor of z and 30.
6
Suppose 4*f - 1791 = -63. Suppose 4*v - 7*v = -f. Calculate the highest common factor of v and 16.
16
Let d be 0 + -5 + 7 + 178. Calculate the highest common factor of d and 72.
36
Let h = -15 - -25. Suppose 16 = -4*z - 2*l, 3*z = -l - 2*l - 6. Let r be ((-40 - 1) + 1)*(-7 - z). What is the greatest common divisor of r and h?
10
Let k = -112 + 160. Suppose -4*r + 150 + 18 = 0. Suppose -3*f = -a + 6, -4*f + r = 3*a - f. What is the greatest common factor of k and a?
12
Let y be ((-7)/(-3))/((-1)/(-3)). Let r(u) = -u**3 + 7*u**2 + u - 5. Let b be r(y). Suppose -b*t = -3*t + 1. Calculate the greatest common factor of t and 7.
1
Let n(w) = -6*w - 31. Let x be n(-6). Suppose 0*b - 2 = -b, -x*u = 3*b - 76. What is the greatest common divisor of 98 and u?
14
Suppose -30*t = -t - 261. Suppose 2*o - 249 = -4*u + 5*o, -5*u - 3*o = -318. What is the greatest common divisor of u and t?
9
Suppose 2*a = -0*m - 5*m - 1, 3*a + 5 = -4*m. Let b be m/(-3)*4*(-27 - 99). Calculate the highest common factor of b and 28.
28
Let h be (1872/96)/((-3)/(-66)). What is the greatest common factor of h and 52?
13
Let m = -61 + 103. Suppose -2*f = -l - 36, 2*f - f + 4*l = 27. Let s = m - f. What is the greatest common factor of 184 and s?
23
Let j be 2*21 + (-15)/15. Let k = j + -27. What is the greatest common factor of k and 21?
7
Let d(q) = q**3 - 29*q**2 + 65*q + 72. Let h be d(27). What is the greatest common divisor of h and 45?
9
Suppose 34*d - 1134 = 25*d. What is the highest common factor of 63 and d?
63
Let b(f) = f**3 - 7*f**2 - 10*f - 9. Let a be b(9). What is the greatest common divisor of 45 and a?
9
Let i = -9 - -14. Suppose i*a - 3 = 7. Calculate the highest common factor of a and 18.
2
Suppose -u + 13*n + 216 = 18*n, 2*n - 408 = -2*u. What is the highest common divisor of u and 134?
67
Let i(r) = -r**2 + 9*r - 7. Let v be i(8). Let g = -14 + 16. Suppose 0 = 4*l - 4*d + 1 - 21, -g*d - 5 = -l. What is the greatest common factor of l and v?
1
Suppose -354 = -19*o + 178. What is the greatest common divisor of 308 and o?
28
Let x = 15 + -10. Suppose 5*i - 5*w - 455 = 0, x*i + 2*w = -w + 487. What is the highest common factor of 38 and i?
19
Suppose 2*f + 5 = 3*f. Suppose f*o = -0*o + 35. Suppose q = 8 - o. Calculate the highest common factor of q and 1.
1
Let t(y) = y**2 + y - 10. Let v be t(-5). Calculate the highest common divisor of v and 140.
10
Suppose 8 - 22 = -2*d. Let w = d - 5. Suppose -2*v - 15 - 35 = -n, -4*n + 150 = w*v. Calculate the greatest common factor of n and 5.
5
Let d be (-20 + 10 + -40)*(-1)/2. What is the highest common factor of d and 325?
25
Let o(n) = 3*n**2 + 7*n - 1. Let k be o(4). Calculate the highest common divisor of 45 and k.
15
Let q(i) = -5*i**2 - 15*i + 32 - 13 + 4*i**2 + i. Suppose 2*o = 7*o + 65. Let g be q(o). Calculate the greatest common factor of 48 and g.
16
Suppose 2*s - 3*z - 56 = 78, 132 = 2*s - 2*z. Calculate the greatest common divisor of s and 16.
16
Let x be 0 + 1 - 12/(-6). Suppose -x*f = 5*y - 257, -3*y - 4*f + 55 + 97 = 0. Suppose 3*t - y = t. What is the greatest common factor of 39 and t?
13
Suppose 8*m + 0*m + 472 = 0. Let h = m + 83. Suppose 2*w + 7*y - 27 = 4*y, -3*w = -y - 13. Calculate the greatest common divisor of w and h.
6
Suppose 7*c = -14 + 672. What is the greatest common divisor of 329 and c?
47
Suppose -3*s - 251 + 260 = 0. Let y(o) = 4*o - 3. Let k(a) = 5*a - 3. Let n(u) = -2*k(u) + 3*y(u). Let i be n(s). What is the greatest common factor of i and 